 171908 is divided by 966.
926
Calculate the remainder when 8001639 is divided by 80016.
39
Calculate the remainder when 32264899 is divided by 17905.
89
What is the remainder when 16205 is divided by 7489?
1227
What is the remainder when 438999 is divided by 146328?
15
What is the remainder when 943247 is divided by 1256?
1247
What is the remainder when 25825590 is divided by 8608529?
3
Calculate the remainder when 129973 is divided by 3014.
371
Calculate the remainder when 306276 is divided by 889.
460
What is the remainder when 632653 is divided by 632652?
1
Calculate the remainder when 1353084 is divided by 291.
225
Calculate the remainder when 6222229 is divided by 3480.
3469
Calculate the remainder when 3287635 is divided by 5004.
7
What is the remainder when 84096399 is divided by 10?
9
Calculate the remainder when 99695 is divided by 16570.
275
What is the remainder when 117068691 is divided by 10433?
10431
Calculate the remainder when 117100 is divided by 8973.
451
Calculate the remainder when 21643 is divided by 634.
87
What is the remainder when 218410265 is divided by 330424?
1
What is the remainder when 186343 is divided by 60567?
4642
Calculate the remainder when 359981 is divided by 141.
8
Calculate the remainder when 5935622 is divided by 116.
18
Calculate the remainder when 1782891 is divided by 3562.
1891
What is the remainder when 112608126 is divided by 383?
381
Calculate the remainder when 12179653 is divided by 869974.
17
What is the remainder when 8185166 is divided by 4092494?
178
Calculate the remainder when 7766477 is divided by 199140.
17
Calculate the remainder when 16548 is divided by 4954.
1686
What is the remainder when 3019024 is divided by 1006156?
556
Calculate the remainder when 13420497 is divided by 45.
12
What is the remainder when 2143373 is divided by 1093?
0
What is the remainder when 108697871 is divided by 497?
492
What is the remainder when 1885655 is divided by 65022?
17
Calculate the remainder when 1758241 is divided by 9873.
847
What is the remainder when 6094457 is divided by 156266?
83
What is the remainder when 6833119 is divided by 6833063?
56
Calculate the remainder when 28511972 is divided by 9876.
9836
Calculate the remainder when 48799189 is divided by 24399586.
17
What is the remainder when 909136 is divided by 2202?
1912
What is the remainder when 108153413 is divided by 54076698?
17
What is the remainder when 15823512 is divided by 62?
58
Calculate the remainder when 140465 is divided by 15384.
2009
Calculate the remainder when 644223 is divided by 28009.
16
Calculate the remainder when 76327184 is divided by 32.
16
Calculate the remainder when 2348999558 is divided by 458.
456
Calculate the remainder when 9314057 is divided by 136.
97
What is the remainder when 14256757 is divided by 413?
410
Calculate the remainder when 10497162 is divided by 86.
2
What is the remainder when 1986253 is divided by 4978?
31
Calculate the remainder when 114893 is divided by 8364.
6161
What is the remainder when 621972 is divided by 15533?
652
Calculate the remainder when 568933 is divided by 906.
871
What is the remainder when 9313929 is divided by 245?
9
What is the remainder when 10463803 is divided by 145?
23
What is the remainder when 12365 is divided by 252?
17
Calculate the remainder when 1656613 is divided by 552187.
52
What is the remainder when 153635 is divided by 153623?
12
Calculate the remainder when 1213974 is divided by 2348.
58
Calculate the remainder when 20147536 is divided by 479703.
10
Calculate the remainder when 15146 is divided by 174.
8
What is the remainder when 92643656 is divided by 1335?
1331
Calculate the remainder when 305665599 is divided by 21833257.
1
What is the remainder when 12118656 is divided by 1885?
1876
What is the remainder when 22680 is divided by 3454?
1956
Calculate the remainder when 8354475 is divided by 9934.
9915
What is the remainder when 247164608 is divided by 10?
8
What is the remainder when 31457882 is divided by 4493982?
8
Calculate the remainder when 22950651 is divided by 256.
251
Calculate the remainder when 2152889 is divided by 2844.
2825
Calculate the remainder when 29786821 is divided by 29.
22
What is the remainder when 196141 is divided by 195808?
333
Calculate the remainder when 1418236 is divided by 6446.
116
Calculate the remainder when 737767 is divided by 59.
31
What is the remainder when 6737 is divided by 995?
767
What is the remainder when 628666621 is divided by 461?
460
Calculate the remainder when 12285050 is divided by 9.
5
Calculate the remainder when 400925 is divided by 3679.
3593
Calculate the remainder when 181091 is divided by 30180.
11
Calculate the remainder when 108848642 is divided by 18.
14
Calculate the remainder when 44728919 is divided by 4053.
11
Calculate the remainder when 811393020 is divided by 13.
9
What is the remainder when 111719 is divided by 2328?
2303
What is the remainder when 6619985 is divided by 678?
671
Calculate the remainder when 2463657 is divided by 821165.
162
Calculate the remainder when 304060 is divided by 101296.
172
Calculate the remainder when 3312056 is divided by 172.
24
Calculate the remainder when 202041718 is divided by 282.
280
What is the remainder when 15603187 is divided by 694?
679
What is the remainder when 86379 is divided by 967?
316
What is the remainder when 4034623 is divided by 3029?
3024
Calculate the remainder when 1390429 is divided by 21391.
14
What is the remainder when 13425281 is divided by 344?
337
Calculate the remainder when 2031533 is divided by 9.
8
Calculate the remainder when 4624070 is divided by 329.
304
Calculate the remainder when 2117623 is divided by 1835.
33
What is the remainder when 5980912 is divided by 37?
10
Calculate the remainder when 628300 is divided by 2503.
47
What is the remainder when 15374776 is divided by 445?
26
Calculate the remainder when 1035452 is divided by 3.
2
Calculate the remainder when 3597603 is divided by 6.
3
What is the remainder when 133799 is divided by 7983?
6071
Calculate the remainder when 85390 is divided by 28181.
847
What is the remainder when 549395 is divided by 1292?
295
Calculate the remainder when 8311296 is divided by 64932.
0
What is the remainder when 848395 is divided by 321?
313
Calculate the remainder when 343455 is divided by 587.
60
What is the remainder when 13084376 is divided by 690?
596
Calculate the remainder when 34389798 is divided by 741.
729
What is the remainder when 16731229 is divided by 32?
29
Calculate the remainder when 83533 is divided by 33.
10
What is the remainder when 249544 is divided by 83181?
1
What is the remainder when 4775876 is divided by 64538?
64
Calculate the remainder when 1361213 is divided by 1609.
1608
Calculate the remainder when 152733760 is divided by 247142.
4
Calculate the remainder when 4702260 is divided by 1026.
102
What is the remainder when 90739 is divided by 6972?
103
What is the remainder when 136666 is divided by 67996?
674
What is the remainder when 68408 is divided by 9487?
1999
What is the remainder when 82081 is divided by 5891?
5498
Calculate the remainder when 60790044 is divided by 15197501.
40
Calculate the remainder when 1213502 is divided by 223.
159
What is the remainder when 47162029 is divided by 5240223?
22
Calculate the remainder when 21061461 is divided by 480.
21
What is the remainder when 74114 is divided by 12352?
2
What is the remainder when 21374901 is divided by 2878?
2873
What is the remainder when 8716 is divided by 191?
121
What is the remainder when 18440912 is divided by 66?
50
Calculate the remainder when 1168722 is divided by 610.
572
What is the remainder when 9566 is divided by 1661?
1261
Calculate the remainder when 429434 is divided by 214534.
366
What is the remainder when 115266 is divided by 6778?
40
Calculate the remainder when 1069966 is divided by 21836.
2
What is the remainder when 76176099 is divided by 308?
307
What is the remainder when 565385 is divided by 25695?
95
Calculate the remainder when 18228489 is divided by 12.
9
Calculate the remainder when 8073592 is divided by 85.
37
Calculate the remainder when 10330412 is divided by 24.
20
What is the remainder when 56193448 is divided by 41?
37
What is the 